11111?
-11010
In base 11, what is 1 - -101?
102
In base 4, what is -11 - -101322?
101311
In base 4, what is -12022 - -11?
-12011
In base 4, what is 2 + -113232?
-113230
In base 12, what is -76 + 53?
-23
In base 11, what is 81 - 6?
76
In base 6, what is 121 + -140?
-15
In base 12, what is b2 - -6?
b8
In base 15, what is -38b7 - 0?
-38b7
In base 4, what is -123 + -1130?
-1313
In base 7, what is -13354 + 5?
-13346
In base 8, what is 16 - -667?
705
In base 8, what is 26 - -17?
45
In base 10, what is 101 - 5?
96
In base 13, what is -2 - -80a?
808
In base 3, what is -202 - -102?
-100
In base 7, what is 10 + 42?
52
In base 5, what is 23 + -1233?
-1210
In base 11, what is 94 + 2?
96
In base 10, what is 25 - -3?
28
In base 9, what is 117 + -4?
113
In base 7, what is -3 + 32?
26
In base 10, what is -2260 + -4?
-2264
In base 4, what is -11 + 12310?
12233
In base 10, what is -202 - -3?
-199
In base 13, what is -2428 + 3?
-2425
In base 2, what is -110111 + 110?
-110001
In base 6, what is 0 - -4235?
4235
In base 9, what is 563 + 3?
566
In base 15, what is -106 + 14?
-e2
In base 10, what is -2 - -1111?
1109
In base 13, what is 22 - 41?
-1c
In base 10, what is 4 - 337?
-333
In base 15, what is -3c66 - -1?
-3c65
In base 12, what is -5 + b?
6
In base 8, what is 4 - 67?
-63
In base 15, what is 4 - -39?
3d
In base 14, what is 2d - -1?
30
In base 5, what is 104000 - 1?
103444
In base 2, what is -110000 - -1?
-101111
In base 16, what is a - -c?
16
In base 12, what is -2 + -26?
-28
In base 12, what is -4 + 1b66?
1b62
In base 14, what is 0 + 166?
166
In base 4, what is -101101 + 1?
-101100
In base 11, what is -53 - 3?
-56
In base 12, what is 1a + -473?
-455
In base 8, what is 11701 - 0?
11701
In base 8, what is -2 + 160?
156
In base 16, what is -133 + 2?
-131
In base 10, what is 147 + 1?
148
In base 5, what is 11 - -12220?
12231
In base 3, what is -111 - 12200?
-20011
In base 12, what is 289 - 13?
276
In base 13, what is 146 + -15?
131
In base 6, what is -3 + -14?
-21
In base 12, what is 1026 + 3?
1029
In base 2, what is 101011111101010 + 10?
101011111101100
In base 13, what is -268 + 2?
-266
In base 3, what is -20020200 + -12?
-20020212
In base 14, what is 3 + 102?
105
In base 9, what is -346 + 1?
-345
In base 11, what is 4a - 5?
45
In base 15, what is 6 + -6b2?
-6ab
In base 15, what is 77 + 37?
ae
In base 7, what is -3 - -2000?
1664
In base 8, what is 17112 + 0?
17112
In base 8, what is -7 + -45?
-54
In base 15, what is a3 - 1?
a2
In base 9, what is -1 + 25?
24
In base 5, what is -120 - 43?
-213
In base 12, what is 1a72 + 3?
1a75
In base 14, what is a - 469?
-45d
In base 16, what is 4 + -16e?
-16a
In base 9, what is 153 + 4?
157
In base 4, what is 30210 + -23?
30121
In base 16, what is -37 - e?
-45
In base 4, what is 1002 + -33?
303
In base 9, what is -2 - 156?
-158
In base 8, what is -17 - -2?
-15
In base 11, what is 114 - 0?
114
In base 15, what is -16 + -3c?
-53
In base 4, what is -22033012 - -10?
-22033002
In base 14, what is -5 - b8?
-bd
In base 8, what is -5605 - -4?
-5601
In base 5, what is -1 - -220?
214
In base 4, what is -3 - -12?
3
In base 12, what is 6a + 20?
8a
In base 3, what is 12 - 2?
10
In base 6, what is -1042 - -20?
-1022
In base 10, what is -6 + 213?
207
In base 16, what is 2 + 238?
23a
In base 9, what is -6653 + -3?
-6656
In base 2, what is 110110111 - -1?
110111000
In base 9, what is -3054 + 5?
-3048
In base 13, what is 6 - 2?
4
In base 8, what is -5 + 13?
6
In base 11, what is 5379 - 0?
5379
In base 13, what is -b0 + 4?
-a9
In base 9, what is -17501 - 0?
-17501
In base 9, what is 0 - -1?
1
In base 12, what is 3 + -68?
-65
In base 7, what is -33 + 131?
65
In base 14, what is d71 + -3?
d6c
In base 2, what is -1 - -10001?
10000
In base 14, what is 3 + -4?
-1
In base 9, what is 3 + 424?
427
In base 16, what is 5 - -2bc?
2c1
In base 2, what is -1111101 + -101?
-10000010
In base 7, what is 16430 + -4?
16423
In base 9, what is 77 - -5?
83
In base 10, what is -22908 - 1?
-22909
In base 15, what is -a4 - 6?
-aa
In base 5, what is 11210 + -2?
11203
In base 8, what is 7 - 224?
-215
In base 6, what is 10 + 1502?
1512
In base 8, what is -3 + 377?
374
In base 3, what is -11 - -1001?
220
In base 4, what is 3 - -121?
130
In base 11, what is 0 - 177?
-177
In base 13, what is -866 - 0?
-866
In base 4, what is -11 + 102033?
102022
In base 5, what is 4 + 11?
20
In base 15, what is -a + 89?
7e
In base 12, what is -1 - 88?
-89
In base 6, what is -1 - 1331?
-1332
In base 12, what is -4 + -3a?
-42
In base 5, what is -10 - 12?
-22
In base 3, what is -1 + -100211?
-100212
In base 2, what is 10 - 1010?
-1000
In base 8, what is -134 - -2?
-132
In base 15, what is -e - 20d?
-21c
In base 7, what is -2156 + -2?
-2161
In base 8, what is -10 - -57?
47
In base 5, what is 314 - -10?
324
In base 8, what is -1 + -26?
-27
In base 13, what is -2c0 + -9?
-2c9
In base 2, what is 101011 - 11011?
10000
In base 7, what is -4 - 1626?
-1633
In base 6, what is 1224 + 2?
1230
In base 6, what is -1 - 255?
-300
In base 12, what is 30 + -80?
-50
In base 12, what is -7b8 + -2?
-7ba
In base 14, what is 275 - 2?
273
In base 9, what is 41 - -2?
43
In base 13, what is -456 - -a?
-449
In base 9, what is -6657 - -4?
-6653
In base 8, what is -10 - 575?
-605
In base 5, what is 132201 - -1?
132202
In base 14, what is 2c - 5a?
-2c
In base 9, what is -104 + -11?
-115
In base 7, what is -15 + 12?
-3
In base 11, what is -391 - -4?
-388
In base 10, what is 169 + -3?
166
In base 2, what is 1 - -1100010?
1100011
In base 9, what is 17 + -46?
-28
In base 2, what is -110 + -1101010?
-1110000
In base 8, what is -13 - 165?
-200
In base 13, what is -1 - -4?
3
In base 14, what is 3 - -273?
276
In base 11, what is -13 + 8?
-6
In base 9, what is -20366 - -5?
-20361
In base 6, what is 12 + -3251?
-3235
In base 15, what is 50 - -1c?
6c
In base 5, what is 32010 - 1?
32004
In base 14, what is -9 - -162?
157
In base 13, what is -3 + 411?
40b
In base 14, what is -6 - -4?
-2
In base 8, what is 16 - -5?
23
In base 16, what is 89d7 - 1?
89d6
In base 9, what is 11 - -723?
734
In base 3, what is -101022101 + 1?
-101022100
In base 7, what is 3 + 13243?
13246
In base 12, what is -139a - -4?
-1396
In base 6, what is 50515 + 4?
50523
In base 16, what is 25 + -f?
16
In base 3, what is -1201211 - 10?
-1201221
In base 14, what is 35 + -20?
15
In base 9, what is 1 - -725?
726
In base 11, what is 54 - -55?
a9
In base 2, what is -1000101 + 1?
-1000100
In base 12, what is -6 + 550?
546
In base 6, what is -2043 + 3?
-2040
In base 13, what is 12558 - -4?
1255c
In base 5, what is -323 + -10?
-333
In base 14, what is 2 + b?
d
In base 3, what is 20212 + -100020?
-2101
In base 15, what is 38d - 3?
38a
In base 2, what is 1100000001010 + 101?
1100000001111
In base 12, what is 2 + 230?
232
In base 7, what is 15 + 4222?
4240
In base 6, what is 0 - -1113?
1113
In base 11, what is -3 + 302?
2aa
In base 7, what is -5 + -524?
-532
In base 10, what is 1 - -8?
9
In base 13, what is -3 - -1b89?
1b86
In base 5, what is 200 - 0?
200
In base 5, what is -1340 + -32?
-1422
In base 10, what is 1 + 4?
5
In base 4, what is -323 - 3?
-332
In base 10, what is 4 + -66?
-62
In base 7, what is 2 - 330?
-325
In base 7, what is 2 + 3316?
3321
In base 13, what is -94 - -3?
-91
In base 2, what is 1100011111 - 101?
1100011010
In base 11, what is -3 + 264?
261
In base 4, what is 113 + -120?
-1
In base 15, what is -56 + -57?
-ad
In base 6, what is 2115 - 0?
2115
In base 3, what is 101102 + 10?
101112
In base 12, what is 16 + -b0?
-96
In base 4, what is 10 - -2212?
2222
In base 16, what is 1ec + 4?
1f0
In base 5, what is 202 - 3?
144
In base 16, what is -73 - 4?
-77
In base 5, what is -103 - -320?
212
In base 8, what is -213 - 3?
-216
In base 7, what is 2 + -103?
-101
In base 3, what is -20010 + -1111?
-21121
In base 5, what is 42104 - -2?
42111
In base 2, what is -10 - -11010001?
11001111
In base 5, what is -132 + -13?
-200
In base 3, what is -21012011 - 2?
-21012020
In base 5, what is 0 + 12111?
12111
In base 5, what is -10 + 13?
3
In base 6, what is 25 + -25?
0
In base 8, what is 7 + -1744?
-1735
In base 11, what is 21 - -2?
23
In base 7, what is -1240 + 0?
-1240
In base 4, what is 1030 - -1322?
3012
In base 6, what is -13054 - 2?
-13100
In base 10, what is -6 + 1164?
